6/72 - (-1)/6.
2, 71
Let o = 3 - -10. Suppose -3*d + o*d - 530 = 0. What are the prime factors of d?
53
Suppose -5*f + 252 = -4*f. What are the prime factors of f?
2, 3, 7
Suppose -11*l + 312 - 37 = 0. Let t(v) = 2*v**2. Let g be t(1). Suppose g*s - 3*o - 47 = l, 171 = 5*s - 3*o. List the prime factors of s.
3, 11
Let w(b) = b**3 - 7*b**2 + b - 3. Let p be w(9). Suppose 4*z = p + 204. List the prime factors of z.
3, 31
Let p = 1253 + -328. What are the prime factors of p?
5, 37
Let y(w) = w + 15. Let j be y(-10). Suppose j*g - 375 = 1125. Suppose g = 7*r - 2*r. What are the prime factors of r?
2, 3, 5
Let q be ((-576)/15)/((-18)/120). Suppose 6*v = 2*v + q. What are the prime factors of v?
2
Suppose 11*r - 33*r + 7062 = 0. What are the prime factors of r?
3, 107
Suppose -3*y + 15 = -8*y. List the prime factors of 3*((-271)/(-6) - y/6).
137
Let p = 80 + -125. Let a = 74 + p. Suppose a = 2*b - 15. What are the prime factors of b?
2, 11
Let v be 2 + (-63)/7 + 37. Let n = 60 + -88. Let x = v + n. What are the prime factors of x?
2
Let h = 46 - -2292. What are the prime factors of h?
2, 7, 167
Let p(y) = 3 - 2 + 1 + y**2 - 4. Let c be p(0). List the prime factors of (1 + 5)*1 + c.
2
Let o = -1683 + 3290. What are the prime factors of o?
1607
Suppose l - 4 + 1 = 0. Suppose -5*h + 215 = -4*k, -56 + 185 = l*h + 2*k. Let t = -19 + h. What are the prime factors of t?
2, 3
Let m = 204 + -4. What are the prime factors of 4/(-6)*-1 - m/(-60)?
2
Let i be (-106)/(-689) + -1*37/(-13). Suppose 5*a + 190 = 2*r + a, -i*r - 5*a + 296 = 0. List the prime factors of r.
97
Let d(j) = -j**3 + j. Let y be 1/6 - (-1)/(-6). Let w be d(y). Suppose -4*l + 0*l + 52 = w. List the prime factors of l.
13
Let s be (0 - (-2 + -6))/(2 + 0). Let v = -2 + 4. Suppose v*f + s*l = 98, 2*l + 1 = 9. List the prime factors of f.
41
Suppose 3*h - i - 19 = 12, 0 = -5*h + 4*i + 40. Suppose -4*v - h = -6*v. What are the prime factors of (-546)/(-15) + v/(-15)?
2, 3
Let a = 3 + -8. Let y = a - -9. Suppose -m - 97 = -4*z + y*m, -3*m = 3*z - 93. List the prime factors of z.
2, 7
Let k be (6/5)/((-15)/(-50)). Suppose -2*w - 2*l + 184 = 0, -k*w - 3*l = 2*l - 368. What are the prime factors of w?
2, 23
Suppose -k = -4*a - 422, -2*k + 851 - 27 = -3*a. What are the prime factors of k?
2, 7, 29
Let t(f) = 8*f**3 - 4. Let p = -17 + 19. What are the prime factors of t(p)?
2, 3, 5
Suppose 6457 - 721 = 3*q - 3*g, -9568 = -5*q + 3*g. What are the prime factors of q?
2, 479
Suppose 8*v + 48 + 64 = 0. Suppose 0*g + 3*g = 5*n + 1745, n = -4*g + 2319. What are the prime factors of g/28 + (-4)/v?
3, 7
List the prime factors of 38/1 + -2 - (-1 - -3).
2, 17
Suppose 34 = 10*t - 126. What are the prime factors of t?
2
Let d(o) = -4*o + 12 - 11 + o. Suppose 16 = -3*t - 11. List the prime factors of d(t).
2, 7
Let g = 169 - -188. What are the prime factors of g?
3, 7, 17
What are the prime factors of (-2 + 4 + -4)/(12/(-306))?
3, 17
Let n(g) = 2*g**2 + 14*g - 8. Let u be (-10)/((0 - 5)/(-5)). List the prime factors of n(u).
2, 13
Let m(r) = -22*r + 2. Let c be m(-2). Let i = c - 13. What are the prime factors of 4/22 + 951/i?
29
Let q(n) = -n**3 + 6*n**2 + 9*n + 8. Let d be q(7). Suppose d = 3*f - 5*w, 3*f + w + 8 = -0*w. List the prime factors of (3 - 6) + f + 24.
2, 5
Let z(p) = p**3 - 7*p**2 - p + 7. Let b be z(5). Let j = 74 + b. What are the prime factors of j?
2, 13
Let s = 110 - 32. Let n = s - 32. What are the prime factors of n?
2, 23
Let b(r) = 9*r**2 - 2*r - 29. List the prime factors of b(11).
2, 3, 173
Suppose 3*p - 278 = -s + 325, -5*s = -4*p - 3034. What are the prime factors of s?
2, 3, 101
What are the prime factors of (-33)/(3/(-444)*4)?
3, 11, 37
Let z(y) = -y + 17. Let q be z(15). Let s(h) = 5*h**2 - 2 + h**3 + 2*h**2 + 5*h + 0*h**q + 0. What are the prime factors of s(-6)?
2
Suppose -6173*w - 12468 = -6179*w. List the prime factors of w.
2, 1039
Suppose k = 5*k + b + 52, 2*b + 20 = -k. Let t = -41 - k. Let o = -12 - t. What are the prime factors of o?
17
Let w = -74 + 52. Let a be (-4)/w - (-450)/(-55). What are the prime factors of ((-49)/14)/(2/a)?
2, 7
Let k(b) = 7*b**2 + 5*b - 1. Let s be k(-4). Suppose 0 = 3*v - 167 - s. List the prime factors of v.
2, 43
Let s(r) = -r**3 - 24*r**2 - 30*r - 28. Let m be s(-23). Let o = m + -45. What are the prime factors of o?
2, 11
Let g(t) = 58*t + 20. Let k be g(-4). Let j = 3 - k. What are the prime factors of j?
5, 43
Let u(v) = v**3 + v**2 + 2*v - 6. Let m be u(0). What are the prime factors of 106 - ((m + 3 - -5) + -2)?
2, 53
Let v be -38*(-15)/10 - -1*3. List the prime factors of (-2)/(-8) + v/16.
2
Let x(w) = -w**2 - 39*w + 262. List the prime factors of x(-43).
2, 3, 5
Let k(r) be the first derivative of -8 + 1/2*r**2 + 0*r**3 - 1/4*r**4 + 13*r. List the prime factors of k(0).
13
Suppose 6*g + 11 + 1 = 0. Let p be 38/14 - 2/(-7). List the prime factors of p/g*272/(-12).
2, 17
Let d(t) be the second derivative of t**5/20 - t**3/3 + 6*t**2 + 24*t. What are the prime factors of d(4)?
2, 17
Let l be 6/(-4)*(-24)/9. Suppose 4*c - l*k + 28 = 0, 4*c - 4*k + 26 = -k. Let f = 19 - c. What are the prime factors of f?
2, 3
Suppose -13*g = -15*g. Let d(i) = -i**2 + i + 3. Let f be d(g). Suppose -o = -f*m + 118, -6*m - 4*o = -2*m - 168. What are the prime factors of m?
2, 5
Suppose 2*j - 5*s - 5262 = 0, 2*s = -6*j + 4*j + 5234. List the prime factors of j.
2621
Suppose 6*p - 25 + 13 = 0. Let y = p - -43. List the prime factors of y.
3, 5
Suppose q = 2*j - 0*q - 714, 0 = -4*j + 4*q + 1436. List the prime factors of j.
5, 71
Suppose q = o + 5, 0 = 5*o - 2*o. List the prime factors of (-4)/6*-3*q.
2, 5
List the prime factors of ((-2)/5)/((-5)/41600).
2, 13
Suppose 5*a + 85 = -5*v, 4*v + 2*a = -v - 82. Let f = 20 + v. Suppose 5*g + f*c - 44 = 0, 3*g + 3*c = -g + 36. What are the prime factors of g?
2, 3
Suppose -w - 499 = 3*t - 8*t, -4*w = 3*t - 281. What are the prime factors of t?
3, 11
Let c(b) = -200*b + 57. List the prime factors of c(-13).
2657
Let n(j) = 7*j - 41. Let f be n(3). Let c be 24*(10/(-3) + 2). Let y = f - c. List the prime factors of y.
2, 3
Let s = -309 - -670. What are the prime factors of s?
19
Let s be (-208)/24*18/2. Let b = s + 215. Suppose -3*n + 0*k - 3*k + 93 = 0, 4*k + b = 5*n. List the prime factors of n.
29
Suppose -5*x = -3*x + 4*h - 24, -h - 8 = -3*x. Suppose -x = -7*n + 1179. What are the prime factors of n?
13
Suppose 6 = -2*g - 4, -3*c + 20 = 5*g. Suppose -5*u + c = -2*u. Suppose 4*n + 4*z = 88, -3*n + u*n - 3*z - 59 = 0. List the prime factors of n.
5
Let i(q) = -q**2 + 2 + 15*q + 0 - 3 - 1. Let k be i(9). Let b = 78 - k. List the prime factors of b.
2, 13
Let x(w) = -2*w**2 + 10*w - 1. Let t be x(5). What are the prime factors of -7*7*t/1?
7
Suppose 4*m + 15 = 7*m. Suppose 0*h = -3*n + 3*h + 3, 4*n = m*h + 4. List the prime factors of 2938/65 - n/5.
3, 5
Suppose 5*m - 2777 = -2*c, -4*c + 2*m + 5540 = -2*m. List the prime factors of c.
2, 3, 7, 11
Let g(n) = 10*n**2 + 34*n + 15. What are the prime factors of g(-12)?
3, 349
Let i be 2*(3 + (-244)/8). Let r(a) = a**3 + 3*a**2 + 3*a - 5. Let q be r(-4). Let s = q - i. List the prime factors of s.
2, 11
Let w = -28 - -14. Let j be w/(-98) - 1146/(-14). Let s = 165 - j. What are the prime factors of s?
83
Suppose 13*t - 727 = 235. What are the prime factors of t?
2, 37
Let i = 46 + -27. Suppose 5*f + 4*k = i, 4*f - 2*k - 8 = 2*k. Let d(j) = j**3 - 3*j**2 + 3*j + 2. List the prime factors of d(f).
11
Suppose 2*i = 4*m - 9*m - 272, -3*i = 4*m + 212. Let u = m + 149. What are the prime factors of u?
3, 31
Suppose -25*y + 28*y = 36. Let x(h) = -h**2 - 8*h - 11. Let z(s) = 5*s**2 + 32*s + 44. Let w(t) = 9*x(t) + 2*z(t). What are the prime factors of w(y)?
37
Let z(i) = -i**2 + 11*i - 1. Let b be (1/3)/((-4)/(-120)). List the prime factors of z(b).
3
Let b(p) = p**2 - 6*p + 16. Let s be ((-8)/20)/(4/200). Let h = s - -28. List the prime factors of b(h).
2
Let z be 18/(-3 - (-369)/120). List the prime factors of ((-28)/70)/((-2)/z).
2, 3
Let h be 1/(1/(-15 + 2)). Let l = 28 + h. What are the prime factors of 858/l - 1/5?
3, 19
Suppose -7560 - 6554 = -4*k + g, -5*g + 3518 = k. List the prime factors of k.
2, 3, 7
Let a be (4 + 104/(-24))*39. Let f(g) be the third derivative of -g**6/1